{"id":93,"date":"2024-11-11T08:29:20","date_gmt":"2024-11-11T08:29:20","guid":{"rendered":"https:\/\/forlagetgallo.dk\/?post_type=product&#038;p=93"},"modified":"2024-11-11T08:29:21","modified_gmt":"2024-11-11T08:29:21","slug":"under-stormen","status":"publish","type":"product","link":"https:\/\/forlagetgallo.dk\/?product=under-stormen","title":{"rendered":"Under Stormen"},"content":{"rendered":"<h2>UNDER STORMEN<\/h2>\n<p>Et \u00e6gteskab pr\u00e6get af psykisk vold, fysiske overgreb og sadistiske ydmygelser n\u00e5r sit endeligt, da Jesper, under et sk\u00e6nderi, br\u00e6kker n\u00e6sen p\u00e5 sin kone, Louise.<\/p>\n<p>Jesper f\u00e6ngsles for vold og tillades de n\u00e6ste par \u00e5r kun sporadisk samv\u00e6r med deres f\u00e6lles datter. Da samv\u00e6rspr\u00e6misserne atter skal behandles, m\u00f8des de to tidligere \u00e6gtef\u00e6ller p\u00e5 ny.<\/p>\n<p>Uforudsete begivenheder g\u00f8r, at de ender med at blive indesp\u00e6rret sammen i et sikringsrum. I den m\u00f8rke k\u00e6lder f\u00e5r b\u00e5de sadismen og fortidens d\u00e6moner for alvor frit spil.<\/p>\n<p>Lag for lag blottes historien om Jesper, Louise og den grufulde sandhed om deres f\u00e6lles fortid. En fortid hvor et spil endnu ikke er afsluttet, og hvor regnskabets time nu er faldet i slag.<\/p>\n<p>Under stormen er en skr\u00e6mmende, klaustrofobisk thriller om psykisk vold, manipulation og de mekanismer som kendetegner det dysfunktionelle parforhold.<\/p>\n<p>Bog af: Ibi-pippi Orup Hedegaard<\/p>\n","protected":false},"excerpt":{"rendered":"<p>UNDER STORMEN Et \u00e6gteskab pr\u00e6get af psykisk vold, fysiske overgreb og sadistiske ydmygelser n\u00e5r sit endeligt, da Jesper, under et sk\u00e6nderi, br\u00e6kker n\u00e6sen p\u00e5 sin kone, Louise. Jesper f\u00e6ngsles for vold og tillades de n\u00e6ste par \u00e5r kun sporadisk samv\u00e6r med deres f\u00e6lles datter. Da samv\u00e6rspr\u00e6misserne atter skal behandles, m\u00f8des de to tidligere \u00e6gtef\u00e6ller p\u00e5 [&hellip;]<\/p>\n","protected":false},"featured_media":94,"comment_status":"open","ping_status":"closed","template":"","meta":[],"product_brand":[],"product_cat":[15],"product_tag":[25,19,20,21,22,23,24],"class_list":{"0":"post-93","1":"product","2":"type-product","3":"status-publish","4":"has-post-thumbnail","6":"product_cat-ukategoriseret","7":"product_tag-ibi","8":"product_tag-ibi-ibi","9":"product_tag-ibi-pippi","10":"product_tag-pippi","11":"product_tag-psyko","12":"product_tag-psykologisk-triller","13":"product_tag-under-stormen","15":"first","16":"instock","17":"taxable","18":"shipping-taxable","19":"purchasable","20":"product-type-simple"},"yoast_head":"<!-- This site is optimized with the Yoast SEO plugin v27.4 - https:\/\/yoast.com\/product\/yoast-seo-wordpress\/ -->\n<title>Under Stormen - Forlaget Gallo<\/title>\n<meta name=\"robots\" content=\"index, follow, max-snippet:-1, max-image-preview:large, max-video-preview:-1\" \/>\n<link rel=\"canonical\" href=\"https:\/\/forlagetgallo.dk\/?product=under-stormen\" \/>\n<meta property=\"og:locale\" content=\"da_DK\" \/>\n<meta property=\"og:type\" content=\"article\" \/>\n<meta property=\"og:title\" content=\"Under Stormen - Forlaget Gallo\" \/>\n<meta property=\"og:description\" content=\"UNDER STORMEN Et \u00e6gteskab pr\u00e6get af psykisk vold, fysiske overgreb og sadistiske ydmygelser n\u00e5r sit endeligt, da Jesper, under et sk\u00e6nderi, br\u00e6kker n\u00e6sen p\u00e5 sin kone, Louise. Jesper f\u00e6ngsles for vold og tillades de n\u00e6ste par \u00e5r kun sporadisk samv\u00e6r med deres f\u00e6lles datter. Da samv\u00e6rspr\u00e6misserne atter skal behandles, m\u00f8des de to tidligere \u00e6gtef\u00e6ller p\u00e5 [&hellip;]\" \/>\n<meta property=\"og:url\" content=\"https:\/\/forlagetgallo.dk\/?product=under-stormen\" \/>\n<meta property=\"og:site_name\" content=\"Forlaget Gallo\" \/>\n<meta property=\"article:modified_time\" content=\"2024-11-11T08:29:21+00:00\" \/>\n<meta property=\"og:image\" content=\"https:\/\/forlagetgallo.dk\/wp-content\/uploads\/2024\/11\/9788794342209-scaled.jpeg\" \/>\n\t<meta property=\"og:image:width\" content=\"1463\" \/>\n\t<meta property=\"og:image:height\" content=\"2048\" \/>\n\t<meta property=\"og:image:type\" content=\"image\/jpeg\" \/>\n<meta name=\"twitter:card\" content=\"summary_large_image\" \/>\n<meta name=\"twitter:label1\" content=\"Estimeret l\u00e6setid\" \/>\n\t<meta name=\"twitter:data1\" content=\"1 minut\" \/>\n<script type=\"application\/ld+json\" class=\"yoast-schema-graph\">{\"@context\":\"https:\\\/\\\/schema.org\",\"@graph\":[{\"@type\":\"WebPage\",\"@id\":\"https:\\\/\\\/forlagetgallo.dk\\\/?product=under-stormen\",\"url\":\"https:\\\/\\\/forlagetgallo.dk\\\/?product=under-stormen\",\"name\":\"Under Stormen - Forlaget Gallo\",\"isPartOf\":{\"@id\":\"https:\\\/\\\/forlagetgallo.dk\\\/#website\"},\"primaryImageOfPage\":{\"@id\":\"https:\\\/\\\/forlagetgallo.dk\\\/?product=under-stormen#primaryimage\"},\"image\":{\"@id\":\"https:\\\/\\\/forlagetgallo.dk\\\/?product=under-stormen#primaryimage\"},\"thumbnailUrl\":\"https:\\\/\\\/forlagetgallo.dk\\\/wp-content\\\/uploads\\\/2024\\\/11\\\/9788794342209-scaled.jpeg\",\"datePublished\":\"2024-11-11T08:29:20+00:00\",\"dateModified\":\"2024-11-11T08:29:21+00:00\",\"breadcrumb\":{\"@id\":\"https:\\\/\\\/forlagetgallo.dk\\\/?product=under-stormen#breadcrumb\"},\"inLanguage\":\"da-DK\",\"potentialAction\":[{\"@type\":\"ReadAction\",\"target\":[\"https:\\\/\\\/forlagetgallo.dk\\\/?product=under-stormen\"]}]},{\"@type\":\"ImageObject\",\"inLanguage\":\"da-DK\",\"@id\":\"https:\\\/\\\/forlagetgallo.dk\\\/?product=under-stormen#primaryimage\",\"url\":\"https:\\\/\\\/forlagetgallo.dk\\\/wp-content\\\/uploads\\\/2024\\\/11\\\/9788794342209-scaled.jpeg\",\"contentUrl\":\"https:\\\/\\\/forlagetgallo.dk\\\/wp-content\\\/uploads\\\/2024\\\/11\\\/9788794342209-scaled.jpeg\",\"width\":1463,\"height\":2048,\"caption\":\"Under stormen er en skr\u00e6mmende, klaustrofobisk thriller om psykisk vold, manipulation og de mekanismer som kendetegner det dysfunktionelle parforhold.\"},{\"@type\":\"BreadcrumbList\",\"@id\":\"https:\\\/\\\/forlagetgallo.dk\\\/?product=under-stormen#breadcrumb\",\"itemListElement\":[{\"@type\":\"ListItem\",\"position\":1,\"name\":\"Hjem\",\"item\":\"https:\\\/\\\/forlagetgallo.dk\\\/\"},{\"@type\":\"ListItem\",\"position\":2,\"name\":\"Shop\",\"item\":\"https:\\\/\\\/forlagetgallo.dk\\\/?page_id=7\"},{\"@type\":\"ListItem\",\"position\":3,\"name\":\"Under Stormen\"}]},{\"@type\":\"WebSite\",\"@id\":\"https:\\\/\\\/forlagetgallo.dk\\\/#website\",\"url\":\"https:\\\/\\\/forlagetgallo.dk\\\/\",\"name\":\"Forlaget Gallo\",\"description\":\"\",\"potentialAction\":[{\"@type\":\"SearchAction\",\"target\":{\"@type\":\"EntryPoint\",\"urlTemplate\":\"https:\\\/\\\/forlagetgallo.dk\\\/?s={search_term_string}\"},\"query-input\":{\"@type\":\"PropertyValueSpecification\",\"valueRequired\":true,\"valueName\":\"search_term_string\"}}],\"inLanguage\":\"da-DK\"}]}<\/script>\n<!-- \/ Yoast SEO plugin. -->","yoast_head_json":{"title":"Under Stormen - Forlaget Gallo","robots":{"index":"index","follow":"follow","max-snippet":"max-snippet:-1","max-image-preview":"max-image-preview:large","max-video-preview":"max-video-preview:-1"},"canonical":"https:\/\/forlagetgallo.dk\/?product=under-stormen","og_locale":"da_DK","og_type":"article","og_title":"Under Stormen - Forlaget Gallo","og_description":"UNDER STORMEN Et \u00e6gteskab pr\u00e6get af psykisk vold, fysiske overgreb og sadistiske ydmygelser n\u00e5r sit endeligt, da Jesper, under et sk\u00e6nderi, br\u00e6kker n\u00e6sen p\u00e5 sin kone, Louise. Jesper f\u00e6ngsles for vold og tillades de n\u00e6ste par \u00e5r kun sporadisk samv\u00e6r med deres f\u00e6lles datter. Da samv\u00e6rspr\u00e6misserne atter skal behandles, m\u00f8des de to tidligere \u00e6gtef\u00e6ller p\u00e5 [&hellip;]","og_url":"https:\/\/forlagetgallo.dk\/?product=under-stormen","og_site_name":"Forlaget Gallo","article_modified_time":"2024-11-11T08:29:21+00:00","og_image":[{"width":1463,"height":2048,"url":"https:\/\/forlagetgallo.dk\/wp-content\/uploads\/2024\/11\/9788794342209-scaled.jpeg","type":"image\/jpeg"}],"twitter_card":"summary_large_image","twitter_misc":{"Estimeret l\u00e6setid":"1 minut"},"schema":{"@context":"https:\/\/schema.org","@graph":[{"@type":"WebPage","@id":"https:\/\/forlagetgallo.dk\/?product=under-stormen","url":"https:\/\/forlagetgallo.dk\/?product=under-stormen","name":"Under Stormen - Forlaget Gallo","isPartOf":{"@id":"https:\/\/forlagetgallo.dk\/#website"},"primaryImageOfPage":{"@id":"https:\/\/forlagetgallo.dk\/?product=under-stormen#primaryimage"},"image":{"@id":"https:\/\/forlagetgallo.dk\/?product=under-stormen#primaryimage"},"thumbnailUrl":"https:\/\/forlagetgallo.dk\/wp-content\/uploads\/2024\/11\/9788794342209-scaled.jpeg","datePublished":"2024-11-11T08:29:20+00:00","dateModified":"2024-11-11T08:29:21+00:00","breadcrumb":{"@id":"https:\/\/forlagetgallo.dk\/?product=under-stormen#breadcrumb"},"inLanguage":"da-DK","potentialAction":[{"@type":"ReadAction","target":["https:\/\/forlagetgallo.dk\/?product=under-stormen"]}]},{"@type":"ImageObject","inLanguage":"da-DK","@id":"https:\/\/forlagetgallo.dk\/?product=under-stormen#primaryimage","url":"https:\/\/forlagetgallo.dk\/wp-content\/uploads\/2024\/11\/9788794342209-scaled.jpeg","contentUrl":"https:\/\/forlagetgallo.dk\/wp-content\/uploads\/2024\/11\/9788794342209-scaled.jpeg","width":1463,"height":2048,"caption":"Under stormen er en skr\u00e6mmende, klaustrofobisk thriller om psykisk vold, manipulation og de mekanismer som kendetegner det dysfunktionelle parforhold."},{"@type":"BreadcrumbList","@id":"https:\/\/forlagetgallo.dk\/?product=under-stormen#breadcrumb","itemListElement":[{"@type":"ListItem","position":1,"name":"Hjem","item":"https:\/\/forlagetgallo.dk\/"},{"@type":"ListItem","position":2,"name":"Shop","item":"https:\/\/forlagetgallo.dk\/?page_id=7"},{"@type":"ListItem","position":3,"name":"Under Stormen"}]},{"@type":"WebSite","@id":"https:\/\/forlagetgallo.dk\/#website","url":"https:\/\/forlagetgallo.dk\/","name":"Forlaget Gallo","description":"","potentialAction":[{"@type":"SearchAction","target":{"@type":"EntryPoint","urlTemplate":"https:\/\/forlagetgallo.dk\/?s={search_term_string}"},"query-input":{"@type":"PropertyValueSpecification","valueRequired":true,"valueName":"search_term_string"}}],"inLanguage":"da-DK"}]}},"jetpack_sharing_enabled":true,"_links":{"self":[{"href":"https:\/\/forlagetgallo.dk\/index.php?rest_route=\/wp\/v2\/product\/93","targetHints":{"allow":["GET"]}}],"collection":[{"href":"https:\/\/forlagetgallo.dk\/index.php?rest_route=\/wp\/v2\/product"}],"about":[{"href":"https:\/\/forlagetgallo.dk\/index.php?rest_route=\/wp\/v2\/types\/product"}],"replies":[{"embeddable":true,"href":"https:\/\/forlagetgallo.dk\/index.php?rest_route=%2Fwp%2Fv2%2Fcomments&post=93"}],"wp:featuredmedia":[{"embeddable":true,"href":"https:\/\/forlagetgallo.dk\/index.php?rest_route=\/wp\/v2\/media\/94"}],"wp:attachment":[{"href":"https:\/\/forlagetgallo.dk\/index.php?rest_route=%2Fwp%2Fv2%2Fmedia&parent=93"}],"wp:term":[{"taxonomy":"product_brand","embeddable":true,"href":"https:\/\/forlagetgallo.dk\/index.php?rest_route=%2Fwp%2Fv2%2Fproduct_brand&post=93"},{"taxonomy":"product_cat","embeddable":true,"href":"https:\/\/forlagetgallo.dk\/index.php?rest_route=%2Fwp%2Fv2%2Fproduct_cat&post=93"},{"taxonomy":"product_tag","embeddable":true,"href":"https:\/\/forlagetgallo.dk\/index.php?rest_route=%2Fwp%2Fv2%2Fproduct_tag&post=93"}],"curies":[{"name":"wp","href":"https:\/\/api.w.org\/{rel}","templated":true}]}}